the units digit of 31954?
4
What is the thousands digit of 52242?
2
What is the ten thousands digit of 57944?
5
What is the thousands digit of 21426?
1
What is the hundreds digit of 110?
1
What is the ten thousands digit of 53504?
5
What is the hundreds digit of 6862?
8
What is the units digit of 131?
1
What is the hundreds digit of 6226?
2
What is the tens digit of 13707?
0
What is the hundreds digit of 1132?
1
What is the thousands digit of 25110?
5
What is the units digit of 26091?
1
What is the units digit of 3879?
9
What is the hundreds digit of 2597?
5
What is the thousands digit of 9784?
9
What is the units digit of 108029?
9
What is the hundreds digit of 190?
1
What is the hundreds digit of 8794?
7
What is the tens digit of 15889?
8
What is the thousands digit of 4796?
4
What is the ten thousands digit of 134963?
3
What is the tens digit of 1102?
0
What is the units digit of 26146?
6
What is the thousands digit of 10728?
0
What is the units digit of 433?
3
What is the hundreds digit of 2630?
6
What is the units digit of 2366?
6
What is the hundreds digit of 5808?
8
What is the hundreds digit of 172265?
2
What is the hundreds digit of 492?
4
What is the units digit of 9605?
5
What is the units digit of 7178?
8
What is the thousands digit of 7815?
7
What is the hundreds digit of 15250?
2
What is the hundreds digit of 1480?
4
What is the thousands digit of 5475?
5
What is the hundreds digit of 4632?
6
What is the hundreds digit of 109355?
3
What is the units digit of 411?
1
What is the hundreds digit of 549?
5
What is the thousands digit of 37539?
7
What is the hundreds digit of 292?
2
What is the units digit of 1518?
8
What is the hundreds digit of 3068?
0
What is the tens digit of 707?
0
What is the ten thousands digit of 13932?
1
What is the ten thousands digit of 62943?
6
What is the units digit of 1181?
1
What is the tens digit of 24989?
8
What is the hundreds digit of 15618?
6
What is the hundreds digit of 9280?
2
What is the thousands digit of 12970?
2
What is the units digit of 63579?
9
What is the thousands digit of 1853?
1
What is the units digit of 52157?
7
What is the hundreds digit of 3933?
9
What is the hundreds digit of 1628?
6
What is the thousands digit of 2525?
2
What is the hundreds digit of 1851?
8
What is the hundreds digit of 1090?
0
What is the tens digit of 1457?
5
What is the tens digit of 45083?
8
What is the tens digit of 13012?
1
What is the hundreds digit of 19614?
6
What is the tens digit of 300?
0
What is the hundreds digit of 739?
7
What is the tens digit of 7542?
4
What is the hundreds digit of 22339?
3
What is the thousands digit of 1402?
1
What is the tens digit of 21843?
4
What is the thousands digit of 11994?
1
What is the tens digit of 278?
7
What is the thousands digit of 3439?
3
What is the units digit of 10806?
6
What is the ten thousands digit of 12575?
1
What is the thousands digit of 132666?
2
What is the units digit of 7322?
2
What is the tens digit of 4897?
9
What is the units digit of 2283?
3
What is the units digit of 104369?
9
What is the units digit of 9024?
4
What is the ten thousands digit of 133031?
3
What is the hundreds digit of 4027?
0
What is the thousands digit of 39538?
9
What is the tens digit of 5458?
5
What is the tens digit of 75?
7
What is the tens digit of 438?
3
What is the tens digit of 8503?
0
What is the tens digit of 7270?
7
What is the units digit of 8855?
5
What is the units digit of 7181?
1
What is the tens digit of 35523?
2
What is the hundreds digit of 1982?
9
What is the tens digit of 10603?
0
What is the hundreds digit of 54951?
9
What is the hundreds digit of 4301?
3
What is the hundreds digit of 90285?
2
What is the tens digit of 3919?
1
What is the ten thousands digit of 10511?
1
What is the thousands digit of 3118?
3
What is the thousands digit of 13588?
3
What is the hundreds digit of 11463?
4
What is the tens digit of 91?
9
What is the thousands digit of 3868?
3
What is the tens digit of 12463?
6
What is the hundreds digit of 5359?
3
What is the thousands digit of 5268?
5
What is the tens digit of 105236?
3
What is the ten thousands digit of 133062?
3
What is the hundreds digit of 158?
1
What is the tens digit of 299?
9
What is the tens digit of 3142?
4
What is the units digit of 3943?
3
What is the thousands digit of 1647?
1
What is the ten thousands digit of 25471?
2
What is the tens digit of 1629?
2
What is the units digit of 5188?
8
What is the units digit of 70812?
2
What is the hundreds digit of 15911?
9
What is the units digit of 17405?
5
What is the hundreds digit of 103368?
3
What is the hundreds digit of 7661?
6
What is the hundreds digit of 19255?
2
What is the tens digit of 559?
5
What is the hundred thousands digit of 111935?
1
What is the ten thousands digit of 17878?
1
What is the hundreds digit of 44599?
5
What is the hundreds digit of 12010?
0
What is the hundreds digit of 2888?
8
What is the hundreds digit of 32030?
0
What is the tens digit of 5853?
5
What is the tens digit of 2039?
3
What is the thousands digit of 1752?
1
What is the units digit of 2917?
7
What is the tens digit of 10658?
5
What is the thousands digit of 5290?
5
What is the ten thousands digit of 17191?
1
What is the ten thousands digit of 36414?
3
What is the tens digit of 1352?
5
What is the tens digit of 12168?
6
What is the thousands digit of 10398?
0
What is the hundreds digit of 929?
9
What is the hundreds digit of 1776?
7
What is the hundreds digit of 4231?
2
What is the tens digit of 33534?
3
What is the tens digit of 1217?
1
What is the hundreds digit of 654?
6
What is the thousands digit of 1103?
1
What is the hundreds digit of 367?
3
What is the hundreds digit of 40460?
4
What is the hundreds digit of 1159?
1
What is the hundreds digit of 812?
8
What is the ten thousands digit of 123429?
2
What is the units digit of 59535?
5
What is the tens digit of 7705?
0
What is the tens digit of 329?
2
What is the units digit of 2137?
7
What is the tens digit of 9123?
2
What is the units digit of 4399?
9
What is the tens digit of 1524?
2
What is the units digit of 2873?
3
What is the thousands digit of 5650?
5
What is the hundreds digit of 652?
6
What is the tens digit of 15565?
6
What is the units digit of 6264?
4
What is the tens digit of 3345?
4
What is the thousands digit of 1076?
1
What is the tens digit of 5580?
8
What is the hundreds digit of 431?
4
What is the units digit of 15873?
3
What is the units digit of 81498?
8
What is the hundreds digit of 235?
2
What is the units digit of 50596?
6
What is the units digit of 2036?
6
What is the thousands digit of 20204?
0
What is the hundreds digit of 25972?
9
What is the tens digit of 447?
4
What is the tens digit of 3994?
9
What is the tens digit of 22958?
5
What is the thousands digit of 25813?
5
What is the hundreds digit of 157924?
9
What is the thousands digit of 1498?
1
What is the ten thousands digit of 25768?
2
What is the thousands digit of 1879?
1
What is the tens digit of 7325?
2
What is the units digit of 8453?
3
What is the units digit of 58025?
5
What is the units digit of 18918?
8
What is the units digit of 156?
6
What is the thousands digit of 67395?
7
What is the tens digit of 7631?
3
What is the hundreds digit of 401?
4
What is the thousands digit of 15479?
5
What is the tens digit of 10022?
2
What is the tens digit of 52667?
6
What is the hundreds digit of 34623?
6
What is the thousands digit of 8462?
8
What is the thousands digit of 11937?
1
What is the units digit of 45012?
2
What is the tens digit of 736?
3
What is the hundreds digit of 1006?
0
What is the units digit of 12090?
0
What is the tens digit of 172189?
8
What is the units digit of 6984?
4
What is the ten thousands digit of 11777?
1
What is the tens digit of 1032?
3
What is the tens digit of 2653?
5
What is the hundreds digit of 6398?
3
What is the tens digit of 72552?
5
What is the hundreds digit of 5586?
5
What is the thousands digit of 35350?
5
What is the tens digit of 1242?
4
What is the units digit of 59178?
8
What is the units digit of 355?
5
What is the tens digit of 45130?
3
What is the hundreds digit of 9260?
2
What is the tens digit of 9990?
9
What is the thousands digit of 1060?
1
What is the units digit of 3110?
0
What is 